1643 is divided by 1642.
1
What is the remainder when 1674 is divided by 104?
10
What is the remainder when 60 is divided by 9?
6
Calculate the remainder when 2053 is divided by 69.
52
What is the remainder when 61 is divided by 32?
29
Calculate the remainder when 184 is divided by 43.
12
What is the remainder when 332 is divided by 58?
42
What is the remainder when 50 is divided by 27?
23
What is the remainder when 1893 is divided by 13?
8
Calculate the remainder when 555 is divided by 153.
96
Calculate the remainder when 382 is divided by 76.
2
Calculate the remainder when 3550 is divided by 4.
2
Calculate the remainder when 1690 is divided by 36.
34
What is the remainder when 1059 is divided by 296?
171
Calculate the remainder when 35062 is divided by 36.
34
Calculate the remainder when 216 is divided by 121.
95
What is the remainder when 73 is divided by 14?
3
Calculate the remainder when 1158 is divided by 145.
143
What is the remainder when 232 is divided by 115?
2
What is the remainder when 23717 is divided by 4?
1
What is the remainder when 367 is divided by 173?
21
Calculate the remainder when 412 is divided by 113.
73
Calculate the remainder when 501 is divided by 105.
81
What is the remainder when 381 is divided by 32?
29
What is the remainder when 1192 is divided by 15?
7
Calculate the remainder when 808 is divided by 201.
4
What is the remainder when 195 is divided by 74?
47
What is the remainder when 3458 is divided by 10?
8
Calculate the remainder when 1929 is divided by 138.
135
What is the remainder when 309 is divided by 62?
61
What is the remainder when 168 is divided by 59?
50
Calculate the remainder when 113 is divided by 19.
18
What is the remainder when 103 is divided by 7?
5
Calculate the remainder when 95 is divided by 28.
11
What is the remainder when 7187 is divided by 70?
47
What is the remainder when 55 is divided by 30?
25
What is the remainder when 115 is divided by 29?
28
Calculate the remainder when 262 is divided by 66.
64
Calculate the remainder when 274 is divided by 12.
10
Calculate the remainder when 435 is divided by 84.
15
What is the remainder when 875 is divided by 46?
1
Calculate the remainder when 6872 is divided by 125.
122
What is the remainder when 358 is divided by 106?
40
Calculate the remainder when 21 is divided by 6.
3
Calculate the remainder when 18142 is divided by 288.
286
Calculate the remainder when 2923 is divided by 64.
43
What is the remainder when 399 is divided by 10?
9
Calculate the remainder when 346 is divided by 35.
31
Calculate the remainder when 398 is divided by 67.
63
Calculate the remainder when 515 is divided by 18.
11
What is the remainder when 370 is divided by 91?
6
Calculate the remainder when 1428 is divided by 55.
53
Calculate the remainder when 229 is divided by 59.
52
What is the remainder when 367 is divided by 71?
12
Calculate the remainder when 562 is divided by 4.
2
What is the remainder when 2781 is divided by 690?
21
Calculate the remainder when 27 is divided by 23.
4
What is the remainder when 131 is divided by 78?
53
What is the remainder when 76 is divided by 50?
26
Calculate the remainder when 3462 is divided by 77.
74
Calculate the remainder when 251 is divided by 70.
41
What is the remainder when 190 is divided by 16?
14
Calculate the remainder when 2943 is divided by 11.
6
Calculate the remainder when 336 is divided by 59.
41
What is the remainder when 239 is divided by 27?
23
Calculate the remainder when 506 is divided by 73.
68
Calculate the remainder when 122 is divided by 10.
2
Calculate the remainder when 1181 is divided by 15.
11
Calculate the remainder when 130 is divided by 31.
6
What is the remainder when 738 is divided by 26?
10
Calculate the remainder when 372 is divided by 15.
12
Calculate the remainder when 271 is divided by 25.
21
What is the remainder when 250 is divided by 35?
5
Calculate the remainder when 944 is divided by 11.
9
Calculate the remainder when 577 is divided by 43.
18
What is the remainder when 1424 is divided by 14?
10
Calculate the remainder when 93 is divided by 22.
5
What is the remainder when 100 is divided by 48?
4
What is the remainder when 500 is divided by 404?
96
Calculate the remainder when 95 is divided by 30.
5
What is the remainder when 157 is divided by 146?
11
Calculate the remainder when 898 is divided by 17.
14
Calculate the remainder when 62 is divided by 6.
2
Calculate the remainder when 10046 is divided by 51.
50
What is the remainder when 400 is divided by 42?
22
What is the remainder when 170 is divided by 9?
8
Calculate the remainder when 159 is divided by 33.
27
Calculate the remainder when 113 is divided by 36.
5
Calculate the remainder when 163 is divided by 56.
51
What is the remainder when 1647 is divided by 330?
327
Calculate the remainder when 107 is divided by 10.
7
What is the remainder when 1754 is divided by 110?
104
Calculate the remainder when 416 is divided by 24.
8
What is the remainder when 1915 is divided by 214?
203
Calculate the remainder when 42 is divided by 19.
4
What is the remainder when 64 is divided by 34?
30
Calculate the remainder when 864 is divided by 25.
14
Calculate the remainder when 116 is divided by 7.
4
Calculate the remainder when 1308 is divided by 69.
66
What is the remainder when 888 is divided by 69?
60
Calculate the remainder when 84 is divided by 11.
7
Calculate the remainder when 1196 is divided by 48.
44
Calculate the remainder when 169 is divided by 25.
19
Calculate the remainder when 104 is divided by 21.
20
What is the remainder when 6189 is divided by 86?
83
Calculate the remainder when 254 is divided by 122.
10
Calculate the remainder when 32 is divided by 21.
11
Calculate the remainder when 2000 is divided by 29.
28
What is the remainder when 852 is divided by 183?
120
Calculate the remainder when 25 is divided by 10.
5
What is the remainder when 121 is divided by 44?
33
Calculate the remainder when 152 is divided by 52.
48
Calculate the remainder when 1450 is divided by 11.
9
What is the remainder when 346 is divided by 12?
10
Calculate the remainder when 921 is divided by 184.
1
What is the remainder when 65 is divided by 2?
1
What is the remainder when 268 is divided by 51?
13
Calculate the remainder when 331 is divided by 16.
11
Calculate the remainder when 280 is divided by 81.
37
What is the remainder when 2589 is divided by 35?
34
What is the remainder when 26 is divided by 9?
8
What is the remainder when 76 is divided by 18?
4
What is the remainder when 496 is divided by 164?
4
What is the remainder when 59 is divided by 12?
11
Calculate the remainder when 731 is divided by 123.
116
What is the remainder when 244 is divided by 125?
119
Calculate the remainder when 2051 is divided by 19.
18
Calculate the remainder when 288 is divided by 238.
50
Calculate the remainder when 425 is divided by 394.
31
Calculate the remainder when 181 is divided by 86.
9
What is the remainder when 645 is divided by 74?
53
What is the remainder when 421 is divided by 420?
1
What is the remainder when 12071 is divided by 61?
54
Calculate the remainder when 637 is divided by 5.
2
What is the remainder when 2235 is divided by 28?
23
Calculate the remainder when 405 is divided by 58.
57
What is the remainder when 1924 is divided by 107?
105
What is the remainder when 125 is divided by 22?
15
What is the remainder when 452 is divided by 16?
4
Calculate the remainder when 88 is divided by 13.
10
Calculate the remainder when 363 is divided by 317.
46
Calculate the remainder when 5707 is divided by 48.
43
What is the remainder when 242 is divided by 93?
56
Calculate the remainder when 251 is divided by 77.
20
Calculate the remainder when 352 is divided by 6.
4
Calculate the remainder when 3497 is divided by 175.
172
What is the remainder when 159 is divided by 20?
19
What is the remainder when 281 is divided by 141?
140
Calculate the remainder when 841 is divided by 212.
205
Calculate the remainder when 1149 is divided by 25.
24
Calculate the remainder when 60 is divided by 8.
4
What is the remainder when 384 is divided by 2?
0
What is the remainder when 149 is divided by 14?
9
What is the remainder when 1805 is divided by 86?
85
What is the remainder when 20569 is